 factor of p and 14?
14
Suppose 2*w = 107 - 23. Let v(b) = -53*b - 1. Let z be v(-2). What is the highest common divisor of z and w?
21
Let f = -1436 + 1570. What is the highest common divisor of 335 and f?
67
Let t = -19 + 174. Calculate the greatest common factor of t and 31.
31
Let n(c) = 0*c**2 + 0 + 89*c - 85*c - c**2 + 4. Let o be n(5). Let u be 3 - (1 - (o - -15)). Calculate the greatest common divisor of 176 and u.
16
Let k = 13 - 16. Let m be -17 + -1 + 3 + k. Let d = m - -25. Calculate the greatest common divisor of d and 14.
7
Let y be 4/3*9/3. Suppose 0 = y*k + 6 - 2, 2*x = -k + 315. Suppose 0 = -a - 18 + x. What is the highest common factor of 20 and a?
20
Let k = -274 + 308. Let i = -138 + 223. Calculate the greatest common divisor of i and k.
17
Suppose 0 = 3*x + 4*t + 40, -3*t = -2*x + 14 - 35. Let y = 10 + x. Let c(d) = -d**2 - 5*d - 3. Let h be c(y). Calculate the highest common divisor of 9 and h.
3
Let n(r) = 3*r**3 - 17*r**2 - 24*r - 2. Let b be n(7). Let c = -31 - -70. What is the highest common divisor of c and b?
13
Suppose t - 3*t - 4*w + 136 = 0, -320 = -4*t + 4*w. What is the greatest common factor of t and 57?
19
Let k(p) = 9*p - 9. Let y be k(4). Let q(i) = 8*i - 43. Let c be q(11). Calculate the greatest common factor of y and c.
9
Let i(a) = a**3 + 12*a**2 + 4*a - 35. Let q be i(-11). Suppose -4*o + 30 = -q. Calculate the highest common factor of 99 and o.
9
Suppose a + 4 = 12. Let v(m) = -m**2 + 9*m - 4. Let h be v(a). Suppose 3*x + h = 4*b + 16, 4*b + 4 = x. What is the greatest common factor of 40 and x?
4
Suppose 9*m + 3*m - 2592 = 0. Calculate the highest common factor of m and 162.
54
Suppose 5*p = -73*c + 72*c + 1, 3*c - 2*p = 54. What is the highest common divisor of c and 1056?
16
Suppose -6*f + 16*f - 360 = 0. Calculate the highest common factor of 24 and f.
12
Let x(b) = b - 5. Let a be x(7). Let r be 1 - a - 1*-2. Let f(y) = y**3 - 6*y**2 + 5. Let j be f(6). Calculate the greatest common divisor of j and r.
1
Suppose 7*r = 3*r + 8, 4*r = h - 3. Let u(v) = 2*v + 4. Let m be u(0). Suppose -m*p + 165 = p. What is the highest common factor of h and p?
11
Suppose -4*w = n - 9, 2*w - 14 = -3*w - 4*n. Calculate the greatest common factor of 5 and w.
1
Let o = -8 + 10. Let n be 30 + -4*(-1)/o. Suppose 0 = -3*v + n + 28. What is the greatest common factor of 40 and v?
20
Suppose 0 = -2*s - 39 + 123. Suppose -37*z = -s*z + 35. What is the greatest common factor of z and 49?
7
Let b be 100/40*(-4)/5. Let s be ((-9)/b + -1)*2. Calculate the greatest common divisor of s and 7.
7
Let d = 226 - 198. Calculate the highest common divisor of 112 and d.
28
Suppose 4*f - x - 8 = x, -16 = 5*f + 4*x. Suppose -3*d - 2*d = f. Suppose 2*o - 5*o = d, -44 = -2*u - 4*o. Calculate the highest common factor of 2 and u.
2
Let u = -303 - -323. What is the highest common divisor of 610 and u?
10
Suppose 0 = -4*o - 16, 2*j + 4*o = -41 + 9. Let p = 12 + j. Calculate the highest common divisor of 68 and p.
4
Let u be (-5)/(2 + (-42)/20). Let b = -950 + 970. What is the greatest common factor of b and u?
10
Let k(q) = -23*q + 6. Let g be k(-6). Suppose 3*t = 2*j - 62 + 32, 58 = 4*j - 5*t. What is the greatest common divisor of g and j?
12
Suppose -9*k + 741 = 489. What is the greatest common factor of 1316 and k?
28
Let z(m) be the second derivative of -m**4/12 + m**3 - 3*m**2 - 12*m. Let l be z(4). Calculate the highest common factor of 4 and l.
2
Suppose -3*z + y = -14, -9*y = -6*y - 12. Calculate the highest common factor of z and 222.
6
Let s = 431 - 426. Suppose z + 18 - 93 = 5*m, 4*m = -20. Suppose s*j + o = 80, 4*o = -5*j + z + 15. Calculate the greatest common divisor of j and 68.
17
Let g = 17 + -13. Suppose 4*v - 864 = n, g*v - 864 = -3*n - n. What is the highest common divisor of 27 and v?
27
Let r(o) = -2*o**3 + 98*o**2 + 11*o - 28. Let j be r(49). What is the greatest common divisor of 292 and j?
73
Suppose 2*g = 5*g + 24. Let w be (18/g)/((-21)/28). What is the highest common divisor of w and 24?
3
Let r = 60 - 34. Suppose 0 = -5*v - 4*n + r, -n = -3*v + 3 - 1. What is the highest common divisor of v and 1?
1
Let r(p) = 9*p + 9. Suppose -5*w - o - 6 = -6*w, 4*w - 2*o = 20. Let m be r(w). What is the highest common factor of m and 9?
9
Suppose 11*o - 282 = 37. What is the greatest common divisor of o and 145?
29
Let r(q) = -12*q + 28. Let n(x) = -4*x + 9. Let z(g) = -7*n(g) + 2*r(g). Let w be z(2). What is the greatest common factor of w and 23?
1
Let m be 176/(-7)*(-336)/96. What is the highest common divisor of m and 24?
8
Suppose 0 = -6*r - 575 + 245. Let p be ((-66)/r)/(1/(-10)). Let j be p/3 + 25*1. What is the highest common divisor of 3 and j?
3
Let h = 816 + -798. What is the highest common divisor of h and 279?
9
Let z(k) = 217*k**2 + 9*k + 14. Let s be z(-2). What is the highest common divisor of 27 and s?
27
Suppose 2*j = 6*j + 48. Let a = 15 + j. Let n be (-200)/(-32) + 2/(-8). Calculate the highest common divisor of a and n.
3
Let x(z) = -4*z**3 - 9*z - 17. Let n be x(-2). Calculate the highest common divisor of n and 891.
33
Let t = -10 + 16. Let z(j) = -5*j + 2*j - 6*j - t*j. Let u be z(-1). Calculate the greatest common divisor of 15 and u.
15
Suppose 3*r - 30 = -3*v, -r - 5*v = -2*v - 18. Calculate the greatest common divisor of r and 3.
3
Suppose -146 - 70 = -2*g. Suppose 5*w - 3*w = g. What is the greatest common factor of w and 9?
9
Suppose 0 = -3*p + 5*f + 139 + 80, 3*p - f = 231. Let q = p - -22. Calculate the greatest common divisor of q and 40.
20
Suppose -11*u = -3653 + 221. Calculate the highest common factor of 18 and u.
6
Let q = -1936 + 2304. Calculate the highest common factor of q and 23.
23
Let w(j) = j**2 - 9*j - 19. Let o be w(13). Let t = -1 - -1. Suppose -9 = -3*d - t*d. Calculate the greatest common factor of d and o.
3
Let z be (-5)/2*(-120)/(-100). Let q be (-23)/1*-1 + z. Let c be (51/9 + -4)*6. Calculate the highest common divisor of c and q.
10
Suppose -9*q + 103 - 4 = 0. What is the greatest common factor of 7 and q?
1
Suppose -3*m - 3*o = -o - 131, -2*o + 221 = 5*m. Let h be (6/(-1))/((-27)/m). What is the highest common divisor of h and 4?
2
Let a be (-4)/(-220)*-11 + 72/10. Suppose 4*k - 454 = -3*q, -6*k - 5*q = -3*k - 346. What is the highest common factor of k and a?
7
Let m be -50*(-9)/90*5. Calculate the greatest common factor of m and 15.
5
Let b = -468 - -553. Calculate the highest common factor of 68 and b.
17
Suppose b + 6 = -2*b - 2*w, 0 = -b + w + 3. Suppose b = 5*q - 64 + 244. Let v = -24 - q. Calculate the greatest common factor of 6 and v.
6
Suppose 0 = d - 2 - 2. Let s = -25 - 23. Let u = 50 + s. Calculate the highest common factor of u and d.
2
Let p be (-2)/(-6) - (-2)/(-6). Suppose -4*b - 5*i + 18 = p, -3*b - i + 6 + 13 = 0. Suppose 6*r + 16 = b*r. Calculate the greatest common factor of r and 176.
16
Let y = 12 + -5. Let x be (-75)/(-1) - -2*1. What is the greatest common factor of y and x?
7
Let t(b) = b**3 - 29*b**2 + 34*b - 80. Let w be t(28). What is the highest common factor of w and 396?
44
Let z(a) = 35*a**3 - 8*a**2 + 9*a - 31. Let r be z(3). What is the highest common factor of r and 11?
11
Let t be (1/(-2))/((-64)/5760). What is the greatest common factor of 40 and t?
5
Let d(k) = -k**2 - 20*k - 16. Let x be d(-13). What is the greatest common factor of x and 1275?
75
Let y(p) = 2*p**3 - 4*p**2 + 2*p - 1. Let k be y(2). Let f be k + (6 - (-16)/(-4)). What is the greatest common divisor of 55 and f?
5
Suppose 45*x = 1131 + 11829. Calculate the highest common divisor of 24 and x.
24
Let w = -25 + 37. Suppose 15*c - 368 + 98 = 0. Calculate the highest common factor of w and c.
6
Let w be ((-10)/6)/(-8*7/4536). What is the highest common divisor of 5 and w?
5
Suppose -10 = l + 122. Let c(i) = -i**3 - 8*i**2 + 2*i + 5. Let r be c(-4). Let y = r - l. What is the greatest common divisor of 26 and y?
13
Let w(s) = 3*s + 1. Let x be w(1). Suppose 2 = u - x*p - 10, -48 = -4*u + 3*p. What is the highest common factor of 6 and u?
6
Suppose 37*a - 47*a + 50 = 0. Calculate the greatest common divisor of a and 5.
5
Let i be ((-5)/2)/((-7)/56). Suppose -v + 44 = 5*z - i, 0 = 5*z. Suppose 0 = 4*y - 5*y + v. Calculate the greatest common factor of y and 16.
16
Let 